{"id":9640,"date":"2016-10-16T00:54:58","date_gmt":"2016-10-16T00:54:58","guid":{"rendered":"http:\/\/lfelsalvador.org\/wp-content\/uploads\/2016\/08\/Logo-color-EP2.jpg"},"modified":"2016-10-16T00:54:58","modified_gmt":"2016-10-16T00:54:58","slug":"logo-color-ep2-2","status":"inherit","type":"attachment","link":"https:\/\/lfelsalvador.org\/fr\/bien-etre-des-eleves\/sante-et-departement-de-psychologie\/logo-color-ep2-2\/","title":{"rendered":"logo-color-ep2"},"author":2,"featured_media":0,"comment_status":"closed","ping_status":"closed","template":"","meta":[],"class_list":["post-9640","attachment","type-attachment","status-inherit","hentry"],"yoast_head":"<!-- This site is optimized with the Yoast SEO plugin v27.2 - https:\/\/yoast.com\/product\/yoast-seo-wordpress\/ -->\n<title>logo-color-ep2 | Liceo Frances de San Salvador<\/title>\n<meta name=\"robots\" content=\"index, follow, max-snippet:-1, max-image-preview:large, max-video-preview:-1\" \/>\n<link rel=\"canonical\" href=\"https:\/\/lfelsalvador.org\/wp-content\/uploads\/2016\/08\/Logo-color-EP2.jpg\" \/>\n<meta property=\"og:locale\" content=\"fr_FR\" \/>\n<meta property=\"og:type\" content=\"article\" \/>\n<meta property=\"og:title\" content=\"logo-color-ep2 | Liceo Frances de San Salvador\" \/>\n<meta property=\"og:url\" content=\"https:\/\/lfelsalvador.org\/wp-content\/uploads\/2016\/08\/Logo-color-EP2.jpg\" \/>\n<meta property=\"og:site_name\" content=\"Liceo Frances de San Salvador\" \/>\n<meta property=\"article:publisher\" content=\"https:\/\/www.facebook.com\/lfelsalvador\/\" \/>\n<meta property=\"og:image\" content=\"https:\/\/lfelsalvador.org\/wp-content\/uploads\/2016\/08\/Logo-color-EP2.jpg\" \/>\n\t<meta property=\"og:image:width\" content=\"835\" \/>\n\t<meta property=\"og:image:height\" content=\"698\" \/>\n\t<meta property=\"og:image:type\" content=\"image\/jpeg\" \/>\n<meta name=\"twitter:card\" content=\"summary_large_image\" \/>\n<meta name=\"twitter:site\" content=\"@lfelsalvador1\" \/>\n<script type=\"application\/ld+json\" class=\"yoast-schema-graph\">{\"@context\":\"https:\/\/schema.org\",\"@graph\":[{\"@type\":\"WebPage\",\"@id\":\"https:\/\/lfelsalvador.org\/wp-content\/uploads\/2016\/08\/Logo-color-EP2.jpg\",\"url\":\"https:\/\/lfelsalvador.org\/wp-content\/uploads\/2016\/08\/Logo-color-EP2.jpg\",\"name\":\"logo-color-ep2 | Liceo Frances de San Salvador\",\"isPartOf\":{\"@id\":\"https:\/\/lfelsalvador.org\/#website\"},\"datePublished\":\"2016-10-16T00:54:58+00:00\",\"breadcrumb\":{\"@id\":\"https:\/\/lfelsalvador.org\/wp-content\/uploads\/2016\/08\/Logo-color-EP2.jpg#breadcrumb\"},\"inLanguage\":\"fr-FR\",\"potentialAction\":[{\"@type\":\"ReadAction\",\"target\":[\"https:\/\/lfelsalvador.org\/wp-content\/uploads\/2016\/08\/Logo-color-EP2.jpg\"]}]},{\"@type\":\"BreadcrumbList\",\"@id\":\"https:\/\/lfelsalvador.org\/wp-content\/uploads\/2016\/08\/Logo-color-EP2.jpg#breadcrumb\",\"itemListElement\":[{\"@type\":\"ListItem\",\"position\":1,\"name\":\"Portada\",\"item\":\"https:\/\/lfelsalvador.org\/fr\/\"},{\"@type\":\"ListItem\",\"position\":2,\"name\":\"Bien-\u00eatre des \u00e9l\u00e8ves\",\"item\":\"https:\/\/lfelsalvador.org\/fr\/bien-etre-des-eleves\/\"},{\"@type\":\"ListItem\",\"position\":3,\"name\":\"Sant\u00e9 et D\u00e9partement de Psychologie\",\"item\":\"https:\/\/lfelsalvador.org\/fr\/bien-etre-des-eleves\/sante-et-departement-de-psychologie\/\"},{\"@type\":\"ListItem\",\"position\":4,\"name\":\"logo-color-ep2\"}]},{\"@type\":\"WebSite\",\"@id\":\"https:\/\/lfelsalvador.org\/#website\",\"url\":\"https:\/\/lfelsalvador.org\/\",\"name\":\"Liceo Frances de San Salvador\",\"description\":\"\",\"potentialAction\":[{\"@type\":\"SearchAction\",\"target\":{\"@type\":\"EntryPoint\",\"urlTemplate\":\"https:\/\/lfelsalvador.org\/?s={search_term_string}\"},\"query-input\":{\"@type\":\"PropertyValueSpecification\",\"valueRequired\":true,\"valueName\":\"search_term_string\"}}],\"inLanguage\":\"fr-FR\"}]}<\/script>\n<!-- \/ Yoast SEO plugin. -->","yoast_head_json":{"title":"logo-color-ep2 | Liceo Frances de San Salvador","robots":{"index":"index","follow":"follow","max-snippet":"max-snippet:-1","max-image-preview":"max-image-preview:large","max-video-preview":"max-video-preview:-1"},"canonical":"https:\/\/lfelsalvador.org\/wp-content\/uploads\/2016\/08\/Logo-color-EP2.jpg","og_locale":"fr_FR","og_type":"article","og_title":"logo-color-ep2 | Liceo Frances de San Salvador","og_url":"https:\/\/lfelsalvador.org\/wp-content\/uploads\/2016\/08\/Logo-color-EP2.jpg","og_site_name":"Liceo Frances de San Salvador","article_publisher":"https:\/\/www.facebook.com\/lfelsalvador\/","og_image":[{"width":835,"height":698,"url":"https:\/\/lfelsalvador.org\/wp-content\/uploads\/2016\/08\/Logo-color-EP2.jpg","type":"image\/jpeg"}],"twitter_card":"summary_large_image","twitter_site":"@lfelsalvador1","schema":{"@context":"https:\/\/schema.org","@graph":[{"@type":"WebPage","@id":"https:\/\/lfelsalvador.org\/wp-content\/uploads\/2016\/08\/Logo-color-EP2.jpg","url":"https:\/\/lfelsalvador.org\/wp-content\/uploads\/2016\/08\/Logo-color-EP2.jpg","name":"logo-color-ep2 | Liceo Frances de San Salvador","isPartOf":{"@id":"https:\/\/lfelsalvador.org\/#website"},"datePublished":"2016-10-16T00:54:58+00:00","breadcrumb":{"@id":"https:\/\/lfelsalvador.org\/wp-content\/uploads\/2016\/08\/Logo-color-EP2.jpg#breadcrumb"},"inLanguage":"fr-FR","potentialAction":[{"@type":"ReadAction","target":["https:\/\/lfelsalvador.org\/wp-content\/uploads\/2016\/08\/Logo-color-EP2.jpg"]}]},{"@type":"BreadcrumbList","@id":"https:\/\/lfelsalvador.org\/wp-content\/uploads\/2016\/08\/Logo-color-EP2.jpg#breadcrumb","itemListElement":[{"@type":"ListItem","position":1,"name":"Portada","item":"https:\/\/lfelsalvador.org\/fr\/"},{"@type":"ListItem","position":2,"name":"Bien-\u00eatre des \u00e9l\u00e8ves","item":"https:\/\/lfelsalvador.org\/fr\/bien-etre-des-eleves\/"},{"@type":"ListItem","position":3,"name":"Sant\u00e9 et D\u00e9partement de Psychologie","item":"https:\/\/lfelsalvador.org\/fr\/bien-etre-des-eleves\/sante-et-departement-de-psychologie\/"},{"@type":"ListItem","position":4,"name":"logo-color-ep2"}]},{"@type":"WebSite","@id":"https:\/\/lfelsalvador.org\/#website","url":"https:\/\/lfelsalvador.org\/","name":"Liceo Frances de San Salvador","description":"","potentialAction":[{"@type":"SearchAction","target":{"@type":"EntryPoint","urlTemplate":"https:\/\/lfelsalvador.org\/?s={search_term_string}"},"query-input":{"@type":"PropertyValueSpecification","valueRequired":true,"valueName":"search_term_string"}}],"inLanguage":"fr-FR"}]}},"description":{"rendered":"<p class=\"attachment\"><a href='https:\/\/lfelsalvador.org\/wp-content\/uploads\/2016\/08\/Logo-color-EP2.jpg'><img loading=\"lazy\" decoding=\"async\" width=\"300\" height=\"251\" src=\"https:\/\/lfelsalvador.org\/wp-content\/uploads\/2016\/08\/Logo-color-EP2-300x251.jpg\" class=\"attachment-medium size-medium\" alt=\"\" srcset=\"https:\/\/lfelsalvador.org\/wp-content\/uploads\/2016\/08\/Logo-color-EP2-300x251.jpg 300w, https:\/\/lfelsalvador.org\/wp-content\/uploads\/2016\/08\/Logo-color-EP2-768x642.jpg 768w, https:\/\/lfelsalvador.org\/wp-content\/uploads\/2016\/08\/Logo-color-EP2.jpg 835w\" sizes=\"auto, (max-width: 300px) 100vw, 300px\" \/><\/a><\/p>\n"},"caption":{"rendered":""},"alt_text":"","media_type":"image","mime_type":"image\/jpeg","media_details":{"width":835,"height":698,"file":"2016\/08\/Logo-color-EP2.jpg","sizes":{"thumbnail":{"file":"Logo-color-EP2-150x150.jpg","width":150,"height":150,"mime_type":"image\/jpeg","source_url":"https:\/\/lfelsalvador.org\/wp-content\/uploads\/2016\/08\/Logo-color-EP2-150x150.jpg"},"medium":{"file":"Logo-color-EP2-300x251.jpg","width":300,"height":251,"mime_type":"image\/jpeg","source_url":"https:\/\/lfelsalvador.org\/wp-content\/uploads\/2016\/08\/Logo-color-EP2-300x251.jpg"},"medium_large":{"file":"Logo-color-EP2-768x642.jpg","width":768,"height":642,"mime_type":"image\/jpeg","source_url":"https:\/\/lfelsalvador.org\/wp-content\/uploads\/2016\/08\/Logo-color-EP2-768x642.jpg"},"post-thumbnail":{"file":"Logo-color-EP2-835x275.jpg","width":835,"height":275,"mime_type":"image\/jpeg","source_url":"https:\/\/lfelsalvador.org\/wp-content\/uploads\/2016\/08\/Logo-color-EP2-835x275.jpg"},"full":{"file":"Logo-color-EP2.jpg","width":835,"height":698,"mime_type":"image\/jpeg","source_url":"https:\/\/lfelsalvador.org\/wp-content\/uploads\/2016\/08\/Logo-color-EP2.jpg"}},"image_meta":{"aperture":"0","credit":"","camera":"","caption":"","created_timestamp":"0","copyright":"","focal_length":"0","iso":"0","shutter_speed":"0","title":"","orientation":"0","keywords":[]}},"post":644,"source_url":"https:\/\/lfelsalvador.org\/wp-content\/uploads\/2016\/08\/Logo-color-EP2.jpg","_links":{"self":[{"href":"https:\/\/lfelsalvador.org\/fr\/wp-json\/wp\/v2\/media\/9640","targetHints":{"allow":["GET"]}}],"collection":[{"href":"https:\/\/lfelsalvador.org\/fr\/wp-json\/wp\/v2\/media"}],"about":[{"href":"https:\/\/lfelsalvador.org\/fr\/wp-json\/wp\/v2\/types\/attachment"}],"author":[{"embeddable":true,"href":"https:\/\/lfelsalvador.org\/fr\/wp-json\/wp\/v2\/users\/2"}],"replies":[{"embeddable":true,"href":"https:\/\/lfelsalvador.org\/fr\/wp-json\/wp\/v2\/comments?post=9640"}],"wp:attached-to":[{"embeddable":true,"post_type":"page","id":644,"href":"https:\/\/lfelsalvador.org\/fr\/wp-json\/wp\/v2\/pages\/644"}],"curies":[{"name":"wp","href":"https:\/\/api.w.org\/{rel}","templated":true}]}}

<!-- This site is optimized with the Yoast SEO plugin v27.2 - https://yoast.com/product/yoast-seo-wordpress/ -->
<title>logo-color-ep2 | Liceo Frances de San Salvador</title>
<meta name="robots" content="index, follow, max-snippet:-1, max-image-preview:large, max-video-preview:-1" />
<link rel="canonical" href="https://lfelsalvador.org/wp-content/uploads/2016/08/Logo-color-EP2.jpg" />
<meta property="og:locale" content="fr_FR" />
<meta property="og:type" content="article" />
<meta property="og:title" content="logo-color-ep2 | Liceo Frances de San Salvador" />
<meta property="og:url" content="https://lfelsalvador.org/wp-content/uploads/2016/08/Logo-color-EP2.jpg" />
<meta property="og:site_name" content="Liceo Frances de San Salvador" />
<meta property="article:publisher" content="https://www.facebook.com/lfelsalvador/" />
<meta property="og:image" content="https://lfelsalvador.org/wp-content/uploads/2016/08/Logo-color-EP2.jpg" />
	<meta property="og:image:width" content="835" />
	<meta property="og:image:height" content="698" />
	<meta property="og:image:type" content="image/jpeg" />
<meta name="twitter:card" content="summary_large_image" />
<meta name="twitter:site" content="@lfelsalvador1" />
<script type="application/ld+json" class="yoast-schema-graph">{"@context":"https://schema.org","@graph":[{"@type":"WebPage","@id":"https://lfelsalvador.org/wp-content/uploads/2016/08/Logo-color-EP2.jpg","url":"https://lfelsalvador.org/wp-content/uploads/2016/08/Logo-color-EP2.jpg","name":"logo-color-ep2 | Liceo Frances de San Salvador","isPartOf":{"@id":"https://lfelsalvador.org/#website"},"datePublished":"2016-10-16T00:54:58+00:00","breadcrumb":{"@id":"https://lfelsalvador.org/wp-content/uploads/2016/08/Logo-color-EP2.jpg#breadcrumb"},"inLanguage":"fr-FR","potentialAction":[{"@type":"ReadAction","target":["https://lfelsalvador.org/wp-content/uploads/2016/08/Logo-color-EP2.jpg"]}]},{"@type":"BreadcrumbList","@id":"https://lfelsalvador.org/wp-content/uploads/2016/08/Logo-color-EP2.jpg#breadcrumb","itemListElement":[{"@type":"ListItem","position":1,"name":"Portada","item":"https://lfelsalvador.org/fr/"},{"@type":"ListItem","position":2,"name":"Bien-être des élèves","item":"https://lfelsalvador.org/fr/bien-etre-des-eleves/"},{"@type":"ListItem","position":3,"name":"Santé et Département de Psychologie","item":"https://lfelsalvador.org/fr/bien-etre-des-eleves/sante-et-departement-de-psychologie/"},{"@type":"ListItem","position":4,"name":"logo-color-ep2"}]},{"@type":"WebSite","@id":"https://lfelsalvador.org/#website","url":"https://lfelsalvador.org/","name":"Liceo Frances de San Salvador","description":"","potentialAction":[{"@type":"SearchAction","target":{"@type":"EntryPoint","urlTemplate":"https://lfelsalvador.org/?s={search_term_string}"},"query-input":{"@type":"PropertyValueSpecification","valueRequired":true,"valueName":"search_term_string"}}],"inLanguage":"fr-FR"}]}</script>
<!-- / Yoast SEO plugin. -->

Bien-être des élèves

Santé et Département de Psychologie
